s 101 + 10111000100011001100001?
10111000100011001100110
In base 4, what is -22 + -3003000301?
-3003000323
In base 3, what is 1020202201110 - -200?
1020202202010
In base 10, what is 2073269 - 58?
2073211
In base 7, what is 2161061326 - 5?
2161061321
In base 7, what is -1316 + -5641?
-10260
In base 2, what is 1001011 + -101110111000100?
-101110101111001
In base 12, what is 184 - 155796?
-155612
In base 12, what is -3a4125 - 360?
-3a4485
In base 14, what is -27d - -1a044?
19ba5
In base 16, what is -42b88 - -86b?
-4231d
In base 8, what is -113273253 + -10?
-113273263
In base 2, what is 1010111110 + -100111001000100?
-100101110000110
In base 6, what is 0 - 2531323020?
-2531323020
In base 12, what is b8b - 5776?
-47a7
In base 16, what is 5dd - 29fe?
-2421
In base 16, what is -24de2 - a32?
-25814
In base 6, what is -12515 - 12520220?
-12533135
In base 16, what is -498 + -7a63?
-7efb
In base 7, what is 5523 - -2265445?
2304301
In base 16, what is -18f161 - -37f?
-18ede2
In base 2, what is -111011110101 + 1110110000000?
111010001011
In base 16, what is 440 - -d1?
511
In base 4, what is 22 - -131310130100?
131310130122
In base 9, what is -1 + 4423334?
4423333
In base 8, what is 143702325 + 3?
143702330
In base 14, what is -59 - b565?
-b5c0
In base 11, what is -11169 - -12a7?
-a972
In base 2, what is 1100101101 - 111011101010000?
-111010000100011
In base 10, what is -20167 - -15262?
-4905
In base 13, what is -b21c74 - 35?
-b21ca9
In base 6, what is 5 + 111525220?
111525225
In base 6, what is -2015 - 21313154?
-21315213
In base 10, what is 1260 - -38588?
39848
In base 16, what is -2454 - 727?
-2b7b
In base 12, what is -14 + -1563137?
-156314b
In base 16, what is -d - c8f8?
-c905
In base 15, what is -9a32769 - 2?
-9a3276b
In base 2, what is -10011110010 - 1101010111110?
-1111110110000
In base 10, what is -1 - 9287871?
-9287872
In base 16, what is 7e0c + 181f?
962b
In base 3, what is -1 - -1202210012222222?
1202210012222221
In base 15, what is -2c61 - -68d?
-25c3
In base 7, what is -44 + -6013604?
-6013651
In base 12, what is -a9a9 - -2a5?
-a704
In base 3, what is 100001001 - -101111212?
201112220
In base 16, what is -57c4c7f - -2?
-57c4c7d
In base 16, what is -cb + 20f87?
20ebc
In base 8, what is -66 - -14563112?
14563024
In base 7, what is -4 - -165663105?
165663101
In base 4, what is 12213 + 12010111?
12022330
In base 12, what is -a7854 - 139?
-a7991
In base 11, what is -8a5 - -52499?
516a4
In base 7, what is -56435 + 111533?
22065
In base 14, what is 7b38b7 - -12?
7b38c9
In base 3, what is -12211 + 12000022111?
12000002200
In base 5, what is -1200101 - 301201?
-2001302
In base 16, what is -282199 - -1b?
-28217e
In base 11, what is 24a0 - -227a9?
25199
In base 13, what is 18b + -48631a?
-48615c
In base 5, what is 332 - 2314443?
-2314111
In base 4, what is 3001103 - -1231?
3003000
In base 4, what is 1333011101 + -223?
1333010212
In base 9, what is 211015 - -236?
211252
In base 4, what is 21 + 10000113231?
10000113312
In base 15, what is 30d3 + 58?
313b
In base 4, what is -12030 - -101121003?
101102313
In base 15, what is -3 - -19564c2?
19564be
In base 13, what is -4c5 + 2ab95?
2a6a0
In base 4, what is -11331120202121 + 11?
-11331120202110
In base 2, what is 10011001100110101111111 - -11000?
10011001100110110010111
In base 14, what is -16 + -1bb607?
-1bb61d
In base 5, what is 2 - -224114021120?
224114021122
In base 2, what is -100010100111110100 - -10000000001?
-100010010111110011
In base 14, what is -3 + -14360?
-14363
In base 8, what is -347 - 2750145?
-2750514
In base 14, what is -393d5 - 7c6?
-39bbb
In base 3, what is 102201010220 + -1020?
102201002200
In base 8, what is 3354 + -323204?
-317630
In base 7, what is -406460564 + 4?
-406460560
In base 2, what is -10101111 - -100010100010100011110?
100010100010001101111
In base 8, what is 60416622 - -1?
60416623
In base 3, what is 1012 - -10011012021022?
10011012022111
In base 15, what is -2b + -b102?
-b12d
In base 12, what is 24 - 4187ba2?
-4187b7a
In base 11, what is -17717322 + 1?
-17717321
In base 15, what is -33c27 - bcd?
-34905
In base 10, what is -1463 + -4566?
-6029
In base 10, what is -3120 - 8352?
-11472
In base 5, what is -14333414124 + 104?
-14333414020
In base 6, what is -340 + 350201?
345421
In base 5, what is -214433 - -14304?
-200124
In base 4, what is -110230231301302 - -11?
-110230231301231
In base 4, what is 323 + -1122302030?
-1122301101
In base 16, what is -31 - -b3ef?
b3be
In base 16, what is -30 + -a237a?
-a23aa
In base 10, what is 818333 + 1?
818334
In base 13, what is 127 + -1034c?
-10225
In base 13, what is -aa53 + -340?
-b093
In base 13, what is -a9479 + 32a?
-a914c
In base 15, what is 4c + -242654?
-242607
In base 11, what is 15703 + 4880?
1a483
In base 14, what is 3c96c + cb?
3ca59
In base 6, what is -2120 + 35343045?
35340525
In base 2, what is -11100100101 + 11011111?
-11001000110
In base 2, what is -10 + 1110000101001101011111?
1110000101001101011101
In base 9, what is -30 - -163307?
163267
In base 5, what is 111244100 - -14?
111244114
In base 2, what is 101000 - -10100110011110100000?
10100110011111001000
In base 14, what is 3c + -2c68d0?
-2c6892
In base 13, what is bc9c596 - 14?
bc9c582
In base 6, what is 12 - 12322411?
-12322355
In base 14, what is 144b + 6b51?
819c
In base 10, what is 88 + 209084?
209172
In base 4, what is -113333320 - -1202?
-113332112
In base 7, what is 336524 + -325?
336166
In base 7, what is 3121 - 5461?
-2340
In base 12, what is 5 + 2070677?
2070680
In base 11, what is 781a73 + -21?
781a52
In base 10, what is -3 + -29433450?
-29433453
In base 7, what is 2 + -221605611?
-221605606
In base 14, what is -35d - 1b20?
-207d
In base 14, what is -24487a - -64?
-244816
In base 5, what is -232023 + 1312?
-230211
In base 15, what is -3d559 + -11?
-3d56a
In base 10, what is 63376 - 811?
62565
In base 10, what is 816325 + 49?
816374
In base 6, what is 0 + 123221024?
123221024
In base 11, what is -4 + 127621a?
1276216
In base 8, what is -15663 - -23673?
6010
In base 11, what is 25a7 - 4445?
-1949
In base 8, what is -4 + 2512642662?
2512642656
In base 13, what is -4675029 + 4?
-4675025
In base 10, what is -5909836 - -2?
-5909834
In base 3, what is -200222010112 - 11002?
-200222021121
In base 4, what is -103 - 213032033?
-213032202
In base 5, what is 4403 - 2202120?
-2142212
In base 5, what is 2101041 - 41?
2101000
In base 5, what is -131302200 + -2?
-131302202
In base 4, what is -11133 - 2121130?
-2132323
In base 4, what is 113 + 3022133102?
3022133221
In base 14, what is -1410 - 3cb?
-17db
In base 13, what is b7b78 - -2?
b7b7a
In base 12, what is -29ab78b + 5?
-29ab786
In base 8, what is 5764730 + -10?
5764720
In base 12, what is 5 - 27b1a9a?
-27b1a95
In base 3, what is 21002001 - -1000101200?
1021110201
In base 5, what is -11 - -224313420?
224313404
In base 3, what is 10110121210 - 212010?
10102202200
In base 14, what is 2ad - -73188?
73457
In base 4, what is 130331 - -20120032?
20311023
In base 12, what is 32b8b - -139?
33108
In base 9, what is 5025362 + -46?
5025315
In base 4, what is 2013131000 - -2002?
2013133002
In base 11, what is -648aa - -a0?
-6480a
In base 12, what is -3 - 1128a21?
-1128a24
In base 5, what is 22 - 231003104?
-231003032
In base 5, what is 2041 - 200103130?
-200101034
In base 11, what is 9a0 + -3575a?
-3486a
In base 15, what is 1 + 5ee5b5?
5ee5b6
In base 2, what is 10000110 + 1110101011010111111110?
1110101011011010000100
In base 2, what is 1 - -10100100111010110010?
10100100111010110011
In base 2, what is 0 - 1001100101100110111001?
-1001100101100110111001
In base 3, what is -220221201 - 120100?
-221112001
In base 4, what is -223203 + -30211130?
-31100333
In base 15, what is a2834 - -8?
a283c
In base 5, what is 234 + 401130443?
401131232
In base 10, what is 4 - 7983051?
-7983047
In base 10, what is 0 + 242301543?
242301543
In base 12, what is 48 - -115091?
115119
In base 5, what is 103313104214 + -4?
103313104210
In base 16, what is 77b0a - -4bb?
77fc5
In base 3, what is -1202111112112 - -22011?
-1202111020101
In base 11, what is 3629 + 18668?
21196
In base 6, what is -10 - 25152211?
-25152221
In base 5, what is 132232221100 + 4?
132232221104
In base 7, what is 142323221 - 14?
142323204
In base 10, what is 0 - -6026912?
6026912
In b